 be -1*(-9)/(-12)*-12. Let b be a(j). Is (-231)/(-3) - 0/b a prime number?
False
Let x(a) = -6*a**2 + a + 8. Let t(m) = -7*m**2 + 9. Let s(i) = 3*t(i) - 4*x(i). Is s(-6) composite?
False
Suppose -3*r + 269 = -5*o + o, 2*r - 3*o - 181 = 0. Is r a composite number?
False
Let r be 318/14 - -4*(-3)/(-42). Let f be 3*((10 - 1) + 1). Suppose n - f = r. Is n composite?
False
Let v be (-1001)/(-33) + (-2)/6. Suppose -5*i - 3*w = 38, -7*i = -2*i - 5*w + v. Let q(y) = y**3 + 7*y**2 - 6*y - 5. Is q(i) a composite number?
False
Let q(z) = -z**3 + 14*z**2 + 9*z - 1. Is q(12) a composite number?
True
Let z(u) = u**3 + 10*u**2 - 2*u - 13. Is z(-10) a composite number?
False
Suppose w = -4*w + 35. Let x(n) = w*n**2 + 3*n**2 - 3*n - 1 + 7*n**2. Is x(-3) composite?
True
Suppose 2*u - 17 = -3*m - 4, -5*m + 2*u + 11 = 0. Suppose 2*a - 1068 = -4*h + m*a, -3*h + 801 = 5*a. Is h a composite number?
True
Let z(g) = -g**3 + 7*g**2 - 10*g + 7. Let r be z(6). Is (r/3)/(2/(-66)) prime?
False
Let l(m) = 2*m**2 - 2*m - 3. Is l(5) a composite number?
False
Suppose h + y = 180, -4*h + 3*y + 1037 = 331. Is h composite?
True
Let a(o) = 24*o + 1. Let j be ((-3)/(-1))/1*3. Let p be 20/j - (-2)/(-9). Is a(p) prime?
False
Suppose 2*j - 356 = 2*x, -5*x - 50 = -3*j + 482. Is j prime?
True
Suppose 0*o + 4*u + 31 = 3*o, 0 = -2*o + 3*u + 22. Suppose 41 = o*t - 1009. Suppose 0 = -5*c + 5*v + t, 3*c + 0*c - v - 136 = 0. Is c a prime number?
True
Let o = 124 - 75. Is o composite?
True
Suppose 6*w = 8*w. Suppose a = -w*a + 35. Is a prime?
False
Let u = 3 - -6. Suppose 0*c = t + 2*c - u, 0 = t - c. Is t/9 + 158/3 composite?
False
Let i(g) = g**2 - 3*g + 2. Let q be i(3). Suppose -3*y + 59 = 2*n, 5*y - q*n - 46 = 79. Is y a prime number?
True
Let z = 168 - -19. Is z composite?
True
Let g be (0 - (-4)/2) + 1. Suppose g*x - 5 = -5*y, 3*x - y = x - 1. Suppose -i = -q - 13, 2*i + 4*q = -x*i + 14. Is i composite?
False
Suppose 2*m + 3*u = 7*m + 237, 5*m + 244 = -4*u. Let z = -21 - m. Let f = z - 16. Is f prime?
True
Is 2/(-3)*(-9369)/18 prime?
True
Suppose 2*t = -4*f + 166, 3*t + 3*f - 141 = 111. Is t composite?
True
Let m(t) = 9*t**2 + 10*t + 6. Let v be m(-7). Let n = v - 4. Is n a composite number?
False
Suppose -5*k + 4*o - 3*o = -664, 4*k = 5*o + 527. Is k a composite number?
True
Let i = -3 - -4. Let r be (i/(-2))/(1/2). Is (r/(-3))/(1/69) prime?
True
Let b(x) = -x + 2. Let o be b(6). Let g be 3/(-2 - 11/(-4)). Is (70/g)/((-2)/o) prime?
False
Let l(q) = -2*q**3 - 3*q**2 - q - 2. Let m be l(-2). Suppose t - 217 = 3*d, 641 = -0*t + 3*t - m*d. Is t a composite number?
False
Let y be (-5)/10 + (-229)/(-2). Let r be 2*-6*2/(-8). Suppose -4*m = r*g - 0*m - 349, -g + y = -m. Is g composite?
True
Let m be (-9)/(-2)*4/6. Let k(c) = -3 + c**m - c**2 - 14*c - 6*c**2 + 0*c**2. Is k(10) a composite number?
False
Suppose -6*i = -2*i. Suppose 3*j - 3*v - 84 = i, j - 3*v - 37 = -5*v. Is j prime?
True
Suppose t - 2*t + z - 2 = 0, 3*t - z = -2. Suppose t = -2*g + 8, 27 = 2*x + x - 3*g. Is x prime?
True
Suppose 3*a - 450 - 543 = 0. Is a a prime number?
True
Let b be (3*13)/(0 + 1). Suppose -a = -3*f - 50, -5*a = -f + 3 - 15. Let z = b + f. Is z composite?
True
Let k(t) = -3*t**3 + 5*t**2 + 3*t - 8. Let x(z) = 2*z**3 - 6*z**2 - 4*z + 9. Let g(r) = 6*k(r) + 5*x(r). Let v be ((-20)/(-5))/(-2 - 0). Is g(v) a prime number?
False
Let o be (-2 - (-6 - -2)) + 0. Suppose -x - 16980 = -3*z - o*z, -5*x - 10188 = -3*z. Is 2/(-7) - z/(-28) a composite number?
True
Suppose 4*z + 161 = 1005. Is z composite?
False
Suppose 0 = 9*n - 2824 - 34265. Is n prime?
False
Suppose -6*y + 12*y = 2910. Is y composite?
True
Let i be 5/2*8/5. Suppose -4*b + 296 = -4*t, -i*t + 17 = -3. Is b composite?
False
Suppose 0 = 3*v + 2 - 11. Let j be 6*v*(-2)/9. Is 160/28 + j/(-14) composite?
True
Let w(b) = -5*b - 2. Let c be w(-1). Suppose c*l - 2*l - 427 = 0. Is l prime?
False
Let q = -59 + 170. Suppose 0*r - 3*r + q = 0. Is r composite?
False
Suppose 3*u - 65 = 274. Is u prime?
True
Let g(n) = -38*n - 3. Let h(y) = -38*y - 2. Let k(z) = -3*g(z) + 4*h(z). Let o be k(3). Let u = -80 - o. Is u composite?
True
Is 2 + (-14)/8 - (-5020)/16 prime?
False
Let w = 35 - 31. Suppose -t - 131 = -3*n - 17, 5*n - 5*t = 180. Suppose -2*a - w*r + 68 = 0, 3*r - n + 7 = -a. Is a a composite number?
True
Suppose 3*q - 4 = -2*z, z - 2*q + 4*q = 4. Let m be 10/45 - z/(-18). Is 11 + (2 - m) + 0 a composite number?
False
Let v be (-9)/6*4/(-3). Suppose 5*a - 3*m - 1051 = 0, 5*m + 37 - 445 = -v*a. Is a composite?
True
Let y = 15 + -12. Suppose -3*v - 2*s = y*s - 864, 0 = 2*v - 2*s - 592. Is v prime?
True
Let k(y) = 50*y - 19. Is k(7) composite?
False
Suppose 0 = -5*g + 2*q + 180, 0 = 4*g + 2*q + 3*q - 144. Let n = g + 11. Is n composite?
False
Suppose 4*b = -0*b - 5072. Is b/(-36) - 4/18 composite?
True
Suppose -3*y + 2164 + 953 = 0. Is y a composite number?
False
Let n(r) = -r - 3 - r + 0. Let u be n(-6). Let o = 86 - u. Is o a prime number?
False
Let h(i) = -i**3 - 8*i**2 + 3*i - 6. Let m be h(-11). Let s = m - 175. Is s a composite number?
False
Suppose 3*a + 4*y - 122 = 0, 4*y - 13 = -4*a + 147. Let z = a - 24. Is z composite?
True
Let b = -1434 + 2020. Is b a composite number?
True
Suppose -3*d - 10 = 2. Is (-38)/d - (-1)/2 a composite number?
True
Suppose 5 = -2*p + 11. Let i be (-4)/((-8)/p)*2. Let j = i + 16. Is j composite?
False
Suppose 2*p = -490 + 5256. Suppose -5*f - 4*m = -4*f - 809, m - p = -3*f. Is f composite?
True
Suppose 0 = -0*a - a + x + 913, a + x = 921. Is a prime?
False
Let k be (1/2)/((-3)/(-48)). Let r = k + 32. Let o = r + -15. Is o prime?
False
Let y(i) = -2 - 7*i + 25*i + 3. Suppose f - 2*a = -2, f - 4*a = 5*f - 16. Is y(f) prime?
True
Suppose 0 = 5*h - 0*h - 5. Let x = -6 + 8. Is h/x - (-21)/2 a composite number?
False
Is 818/((-2)/(-18)*6) prime?
False
Let y(a) = -a**2 + 113 + a**2 + a**3. Suppose 0 = 5*s - 5, -3*s + 3 = 3*z + z. Is y(z) composite?
False
Let v = 46 + -24. Is v prime?
False
Let v be (4 + (-3 - -2))/1. Let t be (0/v)/(-1) + 64. Suppose 0 = k - 3*y - 104, -4*y - y = k - t. Is k a prime number?
True
Suppose -y = -1 - 1. Suppose -148 = -4*o + y*o. Is o prime?
False
Suppose -6*g - 5*s + 5439 = -2*g, -4*s = 5*g - 6801. Is g a composite number?
False
Let m be (-1)/(1 + 296/(-294)). Let w = 55 + m. Is w prime?
False
Let z(j) = -j - 7. Let k be z(-13). Suppose 2*w + 100 = k*w. Is w composite?
True
Is (3/6)/(3/78) prime?
True
Let r(l) = 1259*l - 23. Is r(2) a prime number?
False
Suppose 2 = n - 1. Suppose o - n = 30. Is o a composite number?
True
Let i be 109165/30 + 2/12. Suppose 0 = w + 2*w - i. Is w a composite number?
False
Let h be (1/(-2))/(4/(-48)). Suppose h*k = k + 245. Is k composite?
True
Let a = -25 - -12. Let p(t) = -t**2 - 9*t + 2. Let s be p(-6). Let u = s + a. Is u a prime number?
True
Let i(r) = -326*r - 11. Is i(-2) a composite number?
False
Suppose 12 = -4*k, -3*k + 4*k = 3*b + 15. Is (-1316)/b*12/8 a prime number?
False
Suppose -15 = -3*x - 0*x. Let q(u) = 10*u + 5. Is q(x) composite?
True
Let u(w) = 57*w**3 + w**2 - w - 2. Is u(3) a prime number?
True
Let u = 1 - -3. Suppose 7 = u*k - k - 5*n, 2*n + 2 = k. Is (-6)/1*(-6)/k prime?
False
Let b(m) = -2*m**3 - 5*m**2 + 2*m - 3. Suppose -3*r - l - 7 = 4, 4*l + 18 = r. Let k be 8*(-1)/r*-1. Is b(k) a composite number?
False
Is ((-9)/18)/(2/(-1588) + 0) a prime number?
True
Let o(g) = 240*g**2 + 1 + 88*g**2 - g + 85*g**2. Is o(1) prime?
False
Let a(q) = q**2 - 9*q + 9. Let n be a(12). Suppose h - n = -10. Is h a prime number?
False
Let m(b) = -b**2 - 5*b - 2. Let g be m(-4). Suppose 0 = -z - a + 20, -z - 4*z = -5*a - 110. Suppose -s = -g*s + z. Is s a composite number?
True
Is -1 + 1176/(2 + 2) a composite number?
False
Suppose -3*g + 314 = -85. Is g a composite number?
True
Let z be 8 - (-3 + (-10)/(-2)). Is (2/3)/(z/333) prime?
True
Suppose -5*k + 4105 = -4*p + p, 2*k + 3*p = 1621. Is k a prime number?
False
Let o = 1812 - 1115. Is o a prime number?
False
Suppose 0 = -5*h - 0*h + 20. Let r = 0 - -9. Is h/18 - (-232)/r a composite number?
True
Let d(u) = -2*u**2 + 2*u + 4. Let r be d(4). Let f be 3/9 - 8/6. Is (95/r)/(f/4) a prime number?
True
Let n = -21 + 21. Suppose -4*i + 2*i = -4*t + 364, n = 4*i. Is t composite?
True
Let i(t) = 9*t**3 + 5*t**2 - 5*t - 19. L